7
What is the tens digit of 105654909?
0
What is the hundreds digit of 1501268536?
5
What is the hundred millions digit of 5514046527?
5
What is the hundred millions digit of 672365363?
6
What is the hundreds digit of 419091208?
2
What is the billions digit of 1579113948?
1
What is the hundred thousands digit of 431958059?
9
What is the hundred thousands digit of 40154599?
1
What is the hundred thousands digit of 314057129?
0
What is the thousands digit of 178204044?
4
What is the thousands digit of 1483467?
3
What is the ten millions digit of 37601015?
3
What is the ten thousands digit of 63385427?
8
What is the hundred millions digit of 326912394?
3
What is the tens digit of 42413441?
4
What is the hundred thousands digit of 173493086?
4
What is the hundred thousands digit of 37329262?
3
What is the tens digit of 213936869?
6
What is the hundred millions digit of 1778664726?
7
What is the hundreds digit of 3493835766?
7
What is the ten millions digit of 190626166?
9
What is the ten thousands digit of 437596224?
9
What is the hundred thousands digit of 2340063472?
0
What is the hundred thousands digit of 105194384?
1
What is the tens digit of 175493189?
8
What is the tens digit of 403275323?
2
What is the thousands digit of 17306538?
6
What is the hundred thousands digit of 121204783?
2
What is the hundred thousands digit of 582472323?
4
What is the ten thousands digit of 672040207?
4
What is the hundred millions digit of 277996981?
2
What is the tens digit of 6260700?
0
What is the units digit of 4899144693?
3
What is the tens digit of 26917466?
6
What is the hundred thousands digit of 1567417433?
4
What is the hundred thousands digit of 56067481?
0
What is the tens digit of 158653192?
9
What is the hundreds digit of 88720520?
5
What is the hundred millions digit of 144845439?
1
What is the units digit of 52917716?
6
What is the millions digit of 5145187816?
5
What is the hundred thousands digit of 75516245?
5
What is the thousands digit of 407391084?
1
What is the tens digit of 17741208?
0
What is the tens digit of 4752744503?
0
What is the ten millions digit of 2868695176?
6
What is the hundred millions digit of 1161402228?
1
What is the hundred millions digit of 330539041?
3
What is the hundred millions digit of 1571707835?
5
What is the hundred thousands digit of 221277719?
2
What is the units digit of 575523037?
7
What is the hundred millions digit of 103350351?
1
What is the ten millions digit of 482983353?
8
What is the millions digit of 35289325?
5
What is the units digit of 8707810?
0
What is the ten millions digit of 544986742?
4
What is the hundred thousands digit of 189301125?
3
What is the hundred thousands digit of 1094823038?
8
What is the hundreds digit of 2733841?
8
What is the thousands digit of 1540427372?
7
What is the units digit of 4321195460?
0
What is the ten millions digit of 1695738290?
9
What is the ten millions digit of 673139082?
7
What is the ten thousands digit of 1214890631?
9
What is the tens digit of 917343841?
4
What is the millions digit of 7211901052?
1
What is the hundred millions digit of 134057632?
1
What is the hundreds digit of 234430412?
4
What is the units digit of 135800117?
7
What is the thousands digit of 2861019656?
9
What is the hundred thousands digit of 691365223?
3
What is the hundred thousands digit of 889528660?
5
What is the ten millions digit of 5472140458?
7
What is the hundred thousands digit of 720796335?
7
What is the thousands digit of 267742501?
2
What is the hundred millions digit of 162862282?
1
What is the millions digit of 461488625?
1
What is the thousands digit of 27445894?
5
What is the ten thousands digit of 4359296199?
9
What is the ten millions digit of 126830642?
2
What is the ten thousands digit of 245460077?
6
What is the hundreds digit of 5210342734?
7
What is the thousands digit of 100333675?
3
What is the hundred thousands digit of 1549172210?
1
What is the hundred millions digit of 434634380?
4
What is the millions digit of 152637355?
2
What is the ten thousands digit of 25599075?
9
What is the millions digit of 3054966664?
4
What is the tens digit of 183876043?
4
What is the hundred millions digit of 352084727?
3
What is the ten thousands digit of 3481160?
8
What is the tens digit of 184269083?
8
What is the hundred thousands digit of 3997030558?
0
What is the units digit of 846814459?
9
What is the hundreds digit of 250810532?
5
What is the tens digit of 2792357186?
8
What is the millions digit of 16444219?
6
What is the thousands digit of 42740952?
0
What is the hundreds digit of 3464285584?
5
What is the units digit of 165700087?
7
What is the units digit of 176807578?
8
What is the ten thousands digit of 470489531?
8
What is the thousands digit of 163180216?
0
What is the ten millions digit of 116011084?
1
What is the ten millions digit of 273243177?
7
What is the ten millions digit of 745374499?
4
What is the ten millions digit of 120975941?
2
What is the hundreds digit of 9131932555?
5
What is the ten thousands digit of 218005718?
0
What is the hundred thousands digit of 91205194?
2
What is the ten millions digit of 2601638772?
0
What is the ten thousands digit of 4334198949?
9
What is the units digit of 2171218708?
8
What is the ten millions digit of 803453512?
0
What is the ten millions digit of 63029393?
6
What is the tens digit of 239722985?
8
What is the ten millions digit of 3323391101?
2
What is the units digit of 637124215?
5
What is the units digit of 593030293?
3
What is the units digit of 1123391095?
5
What is the hundreds digit of 77699204?
2
What is the units digit of 511824829?
9
What is the hundred thousands digit of 3785013946?
0
What is the hundreds digit of 5048681787?
7
What is the ten millions digit of 2600675586?
0
What is the ten thousands digit of 613518521?
1
What is the millions digit of 531650045?
1
What is the units digit of 5536472495?
5
What is the millions digit of 59390523?
9
What is the units digit of 70848577?
7
What is the thousands digit of 426481794?
1
What is the billions digit of 5378672683?
5
What is the tens digit of 289191934?
3
What is the units digit of 49478011?
1
What is the ten thousands digit of 41583758?
8
What is the tens digit of 355484180?
8
What is the hundred millions digit of 298612519?
2
What is the tens digit of 27131086?
8
What is the millions digit of 128012424?
8
What is the units digit of 211746187?
7
What is the hundreds digit of 5974173332?
3
What is the hundreds digit of 4607149322?
3
What is the ten thousands digit of 95272703?
7
What is the millions digit of 732241400?
2
What is the units digit of 3403732655?
5
What is the tens digit of 5821134461?
6
What is the units digit of 52116735?
5
What is the hundreds digit of 38275565?
5
What is the millions digit of 8250243?
8
What is the hundred thousands digit of 6082220?
0
What is the tens digit of 171869322?
2
What is the hundred thousands digit of 448585453?
5
What is the ten millions digit of 1577578271?
7
What is the units digit of 54852470?
0
What is the billions digit of 4915632518?
4
What is the thousands digit of 709239066?
9
What is the millions digit of 65401337?
5
What is the hundreds digit of 293561652?
6
What is the thousands digit of 239200155?
0
What is the hundred thousands digit of 2589095251?
0
What is the tens digit of 875035969?
6
What is the units digit of 51098627?
7
What is the hundreds digit of 186889810?
8
What is the hundred millions digit of 1346767940?
3
What is the ten millions digit of 2316397837?
1
What is the ten thousands digit of 22879524?
7
What is the hundreds digit of 28335286?
2
What is the ten thousands digit of 1696530992?
3
What is the hundred millions digit of 549217296?
5
What is the ten thousands digit of 615622840?
2
What is the ten millions digit of 421772486?
2
What is the ten thousands digit of 3580102178?
0
What is the ten millions digit of 4223736189?
2
What is the units digit of 267595233?
3
What is the ten thousands digit of 258905821?
0
What is the hundreds digit of 15364688?
6
What is the millions digit of 6035273633?
5
What is the units digit of 117274354?
4
What is the tens digit of 7070919?
1
What is the hundreds digit of 479680324?
3
What is the millions digit of 13671752?
3
What is th